{"id":191,"date":"2020-05-17T18:47:00","date_gmt":"2020-05-17T16:47:00","guid":{"rendered":"https:\/\/protec.anhydride-acide.fr\/?page_id=191"},"modified":"2020-08-28T10:51:04","modified_gmt":"2020-08-28T08:51:04","slug":"grand-public","status":"publish","type":"page","link":"https:\/\/protec.anhydride-acide.fr\/?page_id=191","title":{"rendered":"Nos formations"},"content":{"rendered":"\t\t<div data-elementor-type=\"wp-page\" data-elementor-id=\"191\" class=\"elementor elementor-191\" data-elementor-settings=\"[]\">\n\t\t\t\t\t\t<div class=\"elementor-inner\">\n\t\t\t\t\t\t\t<div class=\"elementor-section-wrap\">\n\t\t\t\t\t\t\t<section class=\"elementor-section elementor-top-section elementor-element elementor-element-616cde4 elementor-section-boxed elementor-section-height-default elementor-section-height-default\" data-id=\"616cde4\" data-element_type=\"section\">\n\t\t\t\t\t\t<div class=\"elementor-container elementor-column-gap-default\">\n\t\t\t\t\t\t\t<div class=\"elementor-row\">\n\t\t\t\t\t<div class=\"elementor-column elementor-col-100 elementor-top-column elementor-element elementor-element-1af3d05\" data-id=\"1af3d05\" data-element_type=\"column\">\n\t\t\t<div class=\"elementor-column-wrap elementor-element-populated\">\n\t\t\t\t\t\t\t<div class=\"elementor-widget-wrap\">\n\t\t\t\t\t\t<div class=\"elementor-element elementor-element-5d59123 elementor-widget elementor-widget-text-editor\" data-id=\"5d59123\" data-element_type=\"widget\" data-widget_type=\"text-editor.default\">\n\t\t\t\t<div class=\"elementor-widget-container\">\n\t\t\t\t\t<div class=\"elementor-text-editor elementor-clearfix\"><h6><b>Aider, secourir, former.<\/b> Fid\u00e8les \u00e0 la devise de la Protection Civile, nous proposons plusieurs formations au secourisme, adapt\u00e9es \u00e0 diff\u00e9rents publics.<\/h6><div><h6>Nous disposons des agr\u00e9ments pr\u00e9fectoraux n\u00e9cessaires pour dispenser ces formations de premiers secours. Nous sommes \u00e9galement enregistr\u00e9s sur DataDock ce qui rend nos formations \u00e9ligibles au financements par les organismes de formation professionnelle.<\/h6><\/div><div><h6>Notre \u00e9quipe de formateurs b\u00e9n\u00e9ficie tous les ans d&rsquo;une mise \u00e0 jour de ses connaissances afin d&rsquo;assurer des formations de qualit\u00e9. Tous nos formateurs sont \u00e9galement secouristes et participent \u00e0 des activit\u00e9s op\u00e9rationnelles et peuvent donc enrichir les formations avec leur exp\u00e9rience du terrain, pour vous apporter des connaissances utiles et pertinentes !<\/h6><div>Pour vous inscrire \u00e0 nos formations, rendez-vous sur le <a href=\"https:\/\/formations.protection-civile.org\/\">site de la F\u00e9d\u00e9ration<\/a> o\u00f9 vous pourrez vous inscrire aux formations de votre choix !<\/div><div>\u00a0<\/div><div>Des questions ? N&rsquo;h\u00e9sitez pas \u00e0 nous contacter par mail \u00e0 l&rsquo;adresse <a href=\"mailto:formation@isere.protection-civile.org\">formation@isere.protection-civile.org<\/a><\/div><\/div><\/div>\n\t\t\t\t<\/div>\n\t\t\t\t<\/div>\n\t\t\t\t<div class=\"elementor-element elementor-element-73c20f8 elementor-widget elementor-widget-divider\" data-id=\"73c20f8\" data-element_type=\"widget\" data-widget_type=\"divider.default\">\n\t\t\t\t<div class=\"elementor-widget-container\">\n\t\t\t\t\t<div class=\"elementor-divider\">\n\t\t\t<span class=\"elementor-divider-separator\">\n\t\t\t\t\t\t<\/span>\n\t\t<\/div>\n\t\t\t\t<\/div>\n\t\t\t\t<\/div>\n\t\t\t\t\t\t<\/div>\n\t\t\t\t\t<\/div>\n\t\t<\/div>\n\t\t\t\t\t\t\t\t<\/div>\n\t\t\t\t\t<\/div>\n\t\t<\/section>\n\t\t\t\t<section class=\"elementor-section elementor-top-section elementor-element elementor-element-b3fb7d0 elementor-section-boxed elementor-section-height-default elementor-section-height-default\" data-id=\"b3fb7d0\" data-element_type=\"section\">\n\t\t\t\t\t\t<div class=\"elementor-container elementor-column-gap-default\">\n\t\t\t\t\t\t\t<div class=\"elementor-row\">\n\t\t\t\t\t<div class=\"elementor-column elementor-col-50 elementor-top-column elementor-element elementor-element-3975dce\" data-id=\"3975dce\" data-element_type=\"column\">\n\t\t\t<div class=\"elementor-column-wrap elementor-element-populated\">\n\t\t\t\t\t\t\t<div class=\"elementor-widget-wrap\">\n\t\t\t\t\t\t<div class=\"elementor-element elementor-element-f63c6eb elementor-widget elementor-widget-text-editor\" data-id=\"f63c6eb\" data-element_type=\"widget\" data-widget_type=\"text-editor.default\">\n\t\t\t\t<div class=\"elementor-widget-container\">\n\t\t\t\t\t<div class=\"elementor-text-editor elementor-clearfix\"><h3>GQS &#8211; Gestes Qui Sauvent<\/h3><div><ul><li>Pr\u00e9-requis : aucun<\/li><li>Dur\u00e9e : 2 heures<\/li><li>Contenu : gestes d&rsquo;urgence (pose d&rsquo;un garrot, position lat\u00e9rale de s\u00e9curit\u00e9, massage cardiaque&#8230;)<\/li><li>Pour qui ? Tout public, la formation est organis\u00e9 pour des groupes, \u00e0 la demande<\/li><\/ul><\/div><\/div>\n\t\t\t\t<\/div>\n\t\t\t\t<\/div>\n\t\t\t\t\t\t<\/div>\n\t\t\t\t\t<\/div>\n\t\t<\/div>\n\t\t\t\t<div class=\"elementor-column elementor-col-50 elementor-top-column elementor-element elementor-element-69e85d8\" data-id=\"69e85d8\" data-element_type=\"column\">\n\t\t\t<div class=\"elementor-column-wrap elementor-element-populated\">\n\t\t\t\t\t\t\t<div class=\"elementor-widget-wrap\">\n\t\t\t\t\t\t<div class=\"elementor-element elementor-element-361bace elementor-widget elementor-widget-text-editor\" data-id=\"361bace\" data-element_type=\"widget\" data-widget_type=\"text-editor.default\">\n\t\t\t\t<div class=\"elementor-widget-container\">\n\t\t\t\t\t<div class=\"elementor-text-editor elementor-clearfix\"><h3>PSC 1 &#8211; Pr\u00e9vention Secours Civiques 1<\/h3><div><ul><li>Pr\u00e9-requis : 10 ans r\u00e9volus<\/li><li>Dur\u00e9e : 7 heures<\/li><li>Contenu : apprenez les gestes \u00e9l\u00e9mentaires de premiers secours pour faire face aux situations du quotidien (plaies, br\u00fblures, h\u00e9morragies, \u00e9touffement, perte de connaissance, arr\u00eat cardiaque&#8230;)<\/li><li>Pour qui ? Tout citoyen souhaitant apprendre les gestes de premiers secours. C&rsquo;est un pr\u00e9-requis pour de nombreux concours de la fonction publique et certains m\u00e9tiers<\/li><\/ul><\/div><\/div>\n\t\t\t\t<\/div>\n\t\t\t\t<\/div>\n\t\t\t\t<div class=\"elementor-element elementor-element-9a44665 elementor-align-center elementor-widget elementor-widget-button\" data-id=\"9a44665\" data-element_type=\"widget\" data-widget_type=\"button.default\">\n\t\t\t\t<div class=\"elementor-widget-container\">\n\t\t\t\t\t<div class=\"elementor-button-wrapper\">\n\t\t\t<a href=\"https:\/\/formations.protection-civile.org\/formation-psc1\/\" class=\"elementor-button-link elementor-button elementor-size-md\" role=\"button\">\n\t\t\t\t\t\t<span class=\"elementor-button-content-wrapper\">\n\t\t\t\t\t\t<span class=\"elementor-button-text\">Trouvez  votre formation PSC1 !<\/span>\n\t\t<\/span>\n\t\t\t\t\t<\/a>\n\t\t<\/div>\n\t\t\t\t<\/div>\n\t\t\t\t<\/div>\n\t\t\t\t\t\t<\/div>\n\t\t\t\t\t<\/div>\n\t\t<\/div>\n\t\t\t\t\t\t\t\t<\/div>\n\t\t\t\t\t<\/div>\n\t\t<\/section>\n\t\t\t\t<section class=\"elementor-section elementor-top-section elementor-element elementor-element-d52d90e elementor-section-boxed elementor-section-height-default elementor-section-height-default\" data-id=\"d52d90e\" data-element_type=\"section\">\n\t\t\t\t\t\t<div class=\"elementor-container elementor-column-gap-default\">\n\t\t\t\t\t\t\t<div class=\"elementor-row\">\n\t\t\t\t\t<div class=\"elementor-column elementor-col-50 elementor-top-column elementor-element elementor-element-2a325e6\" data-id=\"2a325e6\" data-element_type=\"column\">\n\t\t\t<div class=\"elementor-column-wrap elementor-element-populated\">\n\t\t\t\t\t\t\t<div class=\"elementor-widget-wrap\">\n\t\t\t\t\t\t<div class=\"elementor-element elementor-element-d9ca026 elementor-widget elementor-widget-spacer\" data-id=\"d9ca026\" data-element_type=\"widget\" data-widget_type=\"spacer.default\">\n\t\t\t\t<div class=\"elementor-widget-container\">\n\t\t\t\t\t<div class=\"elementor-spacer\">\n\t\t\t<div class=\"elementor-spacer-inner\"><\/div>\n\t\t<\/div>\n\t\t\t\t<\/div>\n\t\t\t\t<\/div>\n\t\t\t\t<div class=\"elementor-element elementor-element-360b6b8 elementor-widget elementor-widget-text-editor\" data-id=\"360b6b8\" data-element_type=\"widget\" data-widget_type=\"text-editor.default\">\n\t\t\t\t<div class=\"elementor-widget-container\">\n\t\t\t\t\t<div class=\"elementor-text-editor elementor-clearfix\"><h3>PSE 1 &#8211; Premiers Secours en Equipe 1<\/h3><div><ul><li>Pr\u00e9-requis : 16 ans r\u00e9volus<\/li><li>Dur\u00e9e : 36 heures<\/li><li>Contenu : apprenez \u00e0 prendre en charge une victime, en \u00e9quipe, avec du mat\u00e9riel<\/li><li>Pour qui ? Indispensable pour exercer dans une association de secourisme. Pr\u00e9-requis notamment pour le BNSSA<\/li><\/ul><\/div><\/div>\n\t\t\t\t<\/div>\n\t\t\t\t<\/div>\n\t\t\t\t<div class=\"elementor-element elementor-element-892a2ed elementor-align-center elementor-widget elementor-widget-button\" data-id=\"892a2ed\" data-element_type=\"widget\" data-widget_type=\"button.default\">\n\t\t\t\t<div class=\"elementor-widget-container\">\n\t\t\t\t\t<div class=\"elementor-button-wrapper\">\n\t\t\t<a href=\"https:\/\/formations.protection-civile.org\/formation-pse1\/\" class=\"elementor-button-link elementor-button elementor-size-sm\" role=\"button\">\n\t\t\t\t\t\t<span class=\"elementor-button-content-wrapper\">\n\t\t\t\t\t\t<span class=\"elementor-button-text\">Trouvez votre formation PSE1 !<\/span>\n\t\t<\/span>\n\t\t\t\t\t<\/a>\n\t\t<\/div>\n\t\t\t\t<\/div>\n\t\t\t\t<\/div>\n\t\t\t\t\t\t<\/div>\n\t\t\t\t\t<\/div>\n\t\t<\/div>\n\t\t\t\t<div class=\"elementor-column elementor-col-50 elementor-top-column elementor-element elementor-element-c676c83\" data-id=\"c676c83\" data-element_type=\"column\">\n\t\t\t<div class=\"elementor-column-wrap elementor-element-populated\">\n\t\t\t\t\t\t\t<div class=\"elementor-widget-wrap\">\n\t\t\t\t\t\t<div class=\"elementor-element elementor-element-d6a5679 elementor-widget elementor-widget-spacer\" data-id=\"d6a5679\" data-element_type=\"widget\" data-widget_type=\"spacer.default\">\n\t\t\t\t<div class=\"elementor-widget-container\">\n\t\t\t\t\t<div class=\"elementor-spacer\">\n\t\t\t<div class=\"elementor-spacer-inner\"><\/div>\n\t\t<\/div>\n\t\t\t\t<\/div>\n\t\t\t\t<\/div>\n\t\t\t\t<div class=\"elementor-element elementor-element-2110af6 elementor-widget elementor-widget-text-editor\" data-id=\"2110af6\" data-element_type=\"widget\" data-widget_type=\"text-editor.default\">\n\t\t\t\t<div class=\"elementor-widget-container\">\n\t\t\t\t\t<div class=\"elementor-text-editor elementor-clearfix\"><h3>PSE 2 &#8211; Premiers Secours en Equipe 2<\/h3><div><ul><li>Pr\u00e9-requis : titulaire du PSE1ou inscrit au PSE1<\/li><li>Dur\u00e9e : 28 heures<\/li><li>Contenu : approfondissez les conduites \u00e0 tenir face \u00e0 une victime et apprenez l&rsquo;usage de mat\u00e9riel suppl\u00e9mentaire (brancard, matelas immobilisateur \u00e0 d\u00e9pression&#8230;)<\/li><li>Pour qui ? Destin\u00e9e aux secouristes des associations, c&rsquo;est un pr\u00e9-requis pour devenir pisteur-secouriste <\/li><\/ul><\/div><\/div>\n\t\t\t\t<\/div>\n\t\t\t\t<\/div>\n\t\t\t\t<div class=\"elementor-element elementor-element-747b9a0 elementor-align-center elementor-widget elementor-widget-button\" data-id=\"747b9a0\" data-element_type=\"widget\" data-widget_type=\"button.default\">\n\t\t\t\t<div class=\"elementor-widget-container\">\n\t\t\t\t\t<div class=\"elementor-button-wrapper\">\n\t\t\t<a href=\"https:\/\/formations.protection-civile.org\/formation-pse2\/\" class=\"elementor-button-link elementor-button elementor-size-sm\" role=\"button\">\n\t\t\t\t\t\t<span class=\"elementor-button-content-wrapper\">\n\t\t\t\t\t\t<span class=\"elementor-button-text\">Trouvez votre formation PSE2 !<\/span>\n\t\t<\/span>\n\t\t\t\t\t<\/a>\n\t\t<\/div>\n\t\t\t\t<\/div>\n\t\t\t\t<\/div>\n\t\t\t\t\t\t<\/div>\n\t\t\t\t\t<\/div>\n\t\t<\/div>\n\t\t\t\t\t\t\t\t<\/div>\n\t\t\t\t\t<\/div>\n\t\t<\/section>\n\t\t\t\t\t\t<\/div>\n\t\t\t\t\t\t<\/div>\n\t\t\t\t\t<\/div>\n\t\t","protected":false},"excerpt":{"rendered":"<p>Aider, secourir, former. Fid\u00e8les \u00e0 la devise de la Protection Civile, nous proposons plusieurs formations au secourisme, adapt\u00e9es \u00e0 diff\u00e9rents publics. Nous disposons des agr\u00e9ments pr\u00e9fectoraux n\u00e9cessaires pour dispenser ces formations de premiers secours. Nous sommes \u00e9galement enregistr\u00e9s sur DataDock ce qui rend nos formations \u00e9ligibles au financements par les organismes de formation professionnelle. Notre &#8230; <a title=\"Nos formations\" class=\"read-more\" href=\"https:\/\/protec.anhydride-acide.fr\/?page_id=191\" aria-label=\"More on Nos formations\">Lire plus<\/a><\/p>\n","protected":false},"author":9,"featured_media":0,"parent":0,"menu_order":0,"comment_status":"closed","ping_status":"closed","template":"","meta":[],"_links":{"self":[{"href":"https:\/\/protec.anhydride-acide.fr\/index.php?rest_route=\/wp\/v2\/pages\/191"}],"collection":[{"href":"https:\/\/protec.anhydride-acide.fr\/index.php?rest_route=\/wp\/v2\/pages"}],"about":[{"href":"https:\/\/protec.anhydride-acide.fr\/index.php?rest_route=\/wp\/v2\/types\/page"}],"author":[{"embeddable":true,"href":"https:\/\/protec.anhydride-acide.fr\/index.php?rest_route=\/wp\/v2\/users\/9"}],"replies":[{"embeddable":true,"href":"https:\/\/protec.anhydride-acide.fr\/index.php?rest_route=%2Fwp%2Fv2%2Fcomments&post=191"}],"version-history":[{"count":20,"href":"https:\/\/protec.anhydride-acide.fr\/index.php?rest_route=\/wp\/v2\/pages\/191\/revisions"}],"predecessor-version":[{"id":287,"href":"https:\/\/protec.anhydride-acide.fr\/index.php?rest_route=\/wp\/v2\/pages\/191\/revisions\/287"}],"wp:attachment":[{"href":"https:\/\/protec.anhydride-acide.fr\/index.php?rest_route=%2Fwp%2Fv2%2Fmedia&parent=191"}],"curies":[{"name":"wp","href":"https:\/\/api.w.org\/{rel}","templated":true}]}}

<div data-elementor-type="wp-page" data-elementor-id="191" class="elementor elementor-191" data-elementor-settings="[]">
						<div class="elementor-inner">
							<div class="elementor-section-wrap">
							<section class="elementor-section elementor-top-section elementor-element elementor-element-616cde4 elementor-section-boxed elementor-section-height-default elementor-section-height-default" data-id="616cde4" data-element_type="section">
						<div class="elementor-container elementor-column-gap-default">
							<div class="elementor-row">
					<div class="elementor-column elementor-col-100 elementor-top-column elementor-element elementor-element-1af3d05" data-id="1af3d05" data-element_type="column">
			<div class="elementor-column-wrap elementor-element-populated">
							<div class="elementor-widget-wrap">
						<div class="elementor-element elementor-element-5d59123 elementor-widget elementor-widget-text-editor" data-id="5d59123" data-element_type="widget" data-widget_type="text-editor.default">
				<div class="elementor-widget-container">
					<div class="elementor-text-editor elementor-clearfix"><h6><b>Aider, secourir, former.</b> Fidèles à la devise de la Protection Civile, nous proposons plusieurs formations au secourisme, adaptées à différents publics.</h6><div><h6>Nous disposons des agréments préfectoraux nécessaires pour dispenser ces formations de premiers secours. Nous sommes également enregistrés sur DataDock ce qui rend nos formations éligibles au financements par les organismes de formation professionnelle.</h6></div><div><h6>Notre équipe de formateurs bénéficie tous les ans d&rsquo;une mise à jour de ses connaissances afin d&rsquo;assurer des formations de qualité. Tous nos formateurs sont également secouristes et participent à des activités opérationnelles et peuvent donc enrichir les formations avec leur expérience du terrain, pour vous apporter des connaissances utiles et pertinentes !</h6><div>Pour vous inscrire à nos formations, rendez-vous sur le <a href="https://formations.protection-civile.org/">site de la Fédération</a> où vous pourrez vous inscrire aux formations de votre choix !</div><div> </div><div>Des questions ? N&rsquo;hésitez pas à nous contacter par mail à l&rsquo;adresse <a href="mailto:formation@isere.protection-civile.org">formation@isere.protection-civile.org</a></div></div></div>
				</div>
				</div>
				<div class="elementor-element elementor-element-73c20f8 elementor-widget elementor-widget-divider" data-id="73c20f8" data-element_type="widget" data-widget_type="divider.default">
				<div class="elementor-widget-container">
					<div class="elementor-divider">
			<span class="elementor-divider-separator">
						</span>
		</div>
				</div>
				</div>
						</div>
					</div>
		</div>
								</div>
					</div>
		</section>
				<section class="elementor-section elementor-top-section elementor-element elementor-element-b3fb7d0 elementor-section-boxed elementor-section-height-default elementor-section-height-default" data-id="b3fb7d0" data-element_type="section">
						<div class="elementor-container elementor-column-gap-default">
							<div class="elementor-row">
					<div class="elementor-column elementor-col-50 elementor-top-column elementor-element elementor-element-3975dce" data-id="3975dce" data-element_type="column">
			<div class="elementor-column-wrap elementor-element-populated">
							<div class="elementor-widget-wrap">
						<div class="elementor-element elementor-element-f63c6eb elementor-widget elementor-widget-text-editor" data-id="f63c6eb" data-element_type="widget" data-widget_type="text-editor.default">
				<div class="elementor-widget-container">
					<div class="elementor-text-editor elementor-clearfix"><h3>GQS &#8211; Gestes Qui Sauvent</h3><div><ul><li>Pré-requis : aucun</li><li>Durée : 2 heures</li><li>Contenu : gestes d&rsquo;urgence (pose d&rsquo;un garrot, position latérale de sécurité, massage cardiaque&#8230;)</li><li>Pour qui ? Tout public, la formation est organisé pour des groupes, à la demande</li></ul></div></div>
				</div>
				</div>
						</div>
					</div>
		</div>
				<div class="elementor-column elementor-col-50 elementor-top-column elementor-element elementor-element-69e85d8" data-id="69e85d8" data-element_type="column">
			<div class="elementor-column-wrap elementor-element-populated">
							<div class="elementor-widget-wrap">
						<div class="elementor-element elementor-element-361bace elementor-widget elementor-widget-text-editor" data-id="361bace" data-element_type="widget" data-widget_type="text-editor.default">
				<div class="elementor-widget-container">
					<div class="elementor-text-editor elementor-clearfix"><h3>PSC 1 &#8211; Prévention Secours Civiques 1</h3><div><ul><li>Pré-requis : 10 ans révolus</li><li>Durée : 7 heures</li><li>Contenu : apprenez les gestes élémentaires de premiers secours pour faire face aux situations du quotidien (plaies, brûlures, hémorragies, étouffement, perte de connaissance, arrêt cardiaque&#8230;)</li><li>Pour qui ? Tout citoyen souhaitant apprendre les gestes de premiers secours. C&rsquo;est un pré-requis pour de nombreux concours de la fonction publique et certains métiers</li></ul></div></div>
				</div>
				</div>
				<div class="elementor-element elementor-element-9a44665 elementor-align-center elementor-widget elementor-widget-button" data-id="9a44665" data-element_type="widget" data-widget_type="button.default">
				<div class="elementor-widget-container">
					<div class="elementor-button-wrapper">
			<a href="https://formations.protection-civile.org/formation-psc1/" class="elementor-button-link elementor-button elementor-size-md" role="button">
						<span class="elementor-button-content-wrapper">
						<span class="elementor-button-text">Trouvez  votre formation PSC1 !</span>
		</span>
					</a>
		</div>
				</div>
				</div>
						</div>
					</div>
		</div>
								</div>
					</div>
		</section>
				<section class="elementor-section elementor-top-section elementor-element elementor-element-d52d90e elementor-section-boxed elementor-section-height-default elementor-section-height-default" data-id="d52d90e" data-element_type="section">
						<div class="elementor-container elementor-column-gap-default">
							<div class="elementor-row">
					<div class="elementor-column elementor-col-50 elementor-top-column elementor-element elementor-element-2a325e6" data-id="2a325e6" data-element_type="column">
			<div class="elementor-column-wrap elementor-element-populated">
							<div class="elementor-widget-wrap">
						<div class="elementor-element elementor-element-d9ca026 elementor-widget elementor-widget-spacer" data-id="d9ca026" data-element_type="widget" data-widget_type="spacer.default">
				<div class="elementor-widget-container">
					<div class="elementor-spacer">
			<div class="elementor-spacer-inner"></div>
		</div>
				</div>
				</div>
				<div class="elementor-element elementor-element-360b6b8 elementor-widget elementor-widget-text-editor" data-id="360b6b8" data-element_type="widget" data-widget_type="text-editor.default">
				<div class="elementor-widget-container">
					<div class="elementor-text-editor elementor-clearfix"><h3>PSE 1 &#8211; Premiers Secours en Equipe 1</h3><div><ul><li>Pré-requis : 16 ans révolus</li><li>Durée : 36 heures</li><li>Contenu : apprenez à prendre en charge une victime, en équipe, avec du matériel</li><li>Pour qui ? Indispensable pour exercer dans une association de secourisme. Pré-requis notamment pour le BNSSA</li></ul></div></div>
				</div>
				</div>
				<div class="elementor-element elementor-element-892a2ed elementor-align-center elementor-widget elementor-widget-button" data-id="892a2ed" data-element_type="widget" data-widget_type="button.default">
				<div class="elementor-widget-container">
					<div class="elementor-button-wrapper">
			<a href="https://formations.protection-civile.org/formation-pse1/" class="elementor-button-link elementor-button elementor-size-sm" role="button">
						<span class="elementor-button-content-wrapper">
						<span class="elementor-button-text">Trouvez votre formation PSE1 !</span>
		</span>
					</a>
		</div>
				</div>
				</div>
						</div>
					</div>
		</div>
				<div class="elementor-column elementor-col-50 elementor-top-column elementor-element elementor-element-c676c83" data-id="c676c83" data-element_type="column">
			<div class="elementor-column-wrap elementor-element-populated">
							<div class="elementor-widget-wrap">
						<div class="elementor-element elementor-element-d6a5679 elementor-widget elementor-widget-spacer" data-id="d6a5679" data-element_type="widget" data-widget_type="spacer.default">
				<div class="elementor-widget-container">
					<div class="elementor-spacer">
			<div class="elementor-spacer-inner"></div>
		</div>
				</div>
				</div>
				<div class="elementor-element elementor-element-2110af6 elementor-widget elementor-widget-text-editor" data-id="2110af6" data-element_type="widget" data-widget_type="text-editor.default">
				<div class="elementor-widget-container">
					<div class="elementor-text-editor elementor-clearfix"><h3>PSE 2 &#8211; Premiers Secours en Equipe 2</h3><div><ul><li>Pré-requis : titulaire du PSE1ou inscrit au PSE1</li><li>Durée : 28 heures</li><li>Contenu : approfondissez les conduites à tenir face à une victime et apprenez l&rsquo;usage de matériel supplémentaire (brancard, matelas immobilisateur à dépression&#8230;)</li><li>Pour qui ? Destinée aux secouristes des associations, c&rsquo;est un pré-requis pour devenir pisteur-secouriste </li></ul></div></div>
				</div>
				</div>
				<div class="elementor-element elementor-element-747b9a0 elementor-align-center elementor-widget elementor-widget-button" data-id="747b9a0" data-element_type="widget" data-widget_type="button.default">
				<div class="elementor-widget-container">
					<div class="elementor-button-wrapper">
			<a href="https://formations.protection-civile.org/formation-pse2/" class="elementor-button-link elementor-button elementor-size-sm" role="button">
						<span class="elementor-button-content-wrapper">
						<span class="elementor-button-text">Trouvez votre formation PSE2 !</span>
		</span>
					</a>
		</div>
				</div>
				</div>
						</div>
					</div>
		</div>
								</div>
					</div>
		</section>
						</div>
						</div>
					</div>

<p>Aider, secourir, former. Fidèles à la devise de la Protection Civile, nous proposons plusieurs formations au secourisme, adaptées à différents publics. Nous disposons des agréments préfectoraux nécessaires pour dispenser ces formations de premiers secours. Nous sommes également enregistrés sur DataDock ce qui rend nos formations éligibles au financements par les organismes de formation professionnelle. Notre &#8230; <a title="Nos formations" class="read-more" href="https://protec.anhydride-acide.fr/?page_id=191" aria-label="More on Nos formations">Lire plus</a></p>
