{"id":171,"date":"2020-05-17T18:40:26","date_gmt":"2020-05-17T16:40:26","guid":{"rendered":"https:\/\/protec.anhydride-acide.fr\/?page_id=171"},"modified":"2020-08-24T18:23:18","modified_gmt":"2020-08-24T16:23:18","slug":"protection-civile-de-lisere-historique","status":"publish","type":"page","link":"https:\/\/protec.anhydride-acide.fr\/?page_id=171","title":{"rendered":"Protection Civile de l&rsquo;Is\u00e8re &#8211; historique"},"content":{"rendered":"\t\t<div data-elementor-type=\"wp-page\" data-elementor-id=\"171\" class=\"elementor elementor-171\" data-elementor-settings=\"[]\">\n\t\t\t\t\t\t<div class=\"elementor-inner\">\n\t\t\t\t\t\t\t<div class=\"elementor-section-wrap\">\n\t\t\t\t\t\t\t<section class=\"elementor-section elementor-top-section elementor-element elementor-element-b7359c1 elementor-section-boxed elementor-section-height-default elementor-section-height-default\" data-id=\"b7359c1\" data-element_type=\"section\">\n\t\t\t\t\t\t<div class=\"elementor-container elementor-column-gap-default\">\n\t\t\t\t\t\t\t<div class=\"elementor-row\">\n\t\t\t\t\t<div class=\"elementor-column elementor-col-100 elementor-top-column elementor-element elementor-element-c19da8b\" data-id=\"c19da8b\" data-element_type=\"column\">\n\t\t\t<div class=\"elementor-column-wrap elementor-element-populated\">\n\t\t\t\t\t\t\t<div class=\"elementor-widget-wrap\">\n\t\t\t\t\t\t<section class=\"elementor-section elementor-inner-section elementor-element elementor-element-73bcea0 elementor-section-boxed elementor-section-height-default elementor-section-height-default\" data-id=\"73bcea0\" data-element_type=\"section\">\n\t\t\t\t\t\t<div class=\"elementor-container elementor-column-gap-default\">\n\t\t\t\t\t\t\t<div class=\"elementor-row\">\n\t\t\t\t\t<div class=\"elementor-column elementor-col-100 elementor-inner-column elementor-element elementor-element-f45b4b4\" data-id=\"f45b4b4\" data-element_type=\"column\">\n\t\t\t<div class=\"elementor-column-wrap elementor-element-populated\">\n\t\t\t\t\t\t\t<div class=\"elementor-widget-wrap\">\n\t\t\t\t\t\t<div class=\"elementor-element elementor-element-11813b8 elementor-widget elementor-widget-text-editor\" data-id=\"11813b8\" data-element_type=\"widget\" data-widget_type=\"text-editor.default\">\n\t\t\t\t<div class=\"elementor-widget-container\">\n\t\t\t\t\t<div class=\"elementor-text-editor elementor-clearfix\"><p><span style=\"font-size: 11.0pt; mso-bidi-font-size: 10.0pt; font-family: 'Calibri',sans-serif; mso-ascii-theme-font: minor-latin; mso-hansi-theme-font: minor-latin; mso-bidi-theme-font: minor-latin;\">Vous ne le savez peut-\u00eatre pas mais notre association, est d\u00e9j\u00e0 ancienne.<\/span><\/p><p class=\"MsoNoSpacing\" style=\"text-align: justify;\"><span style=\"font-size: 11.0pt; mso-bidi-font-size: 10.0pt; font-family: 'Calibri',sans-serif; mso-ascii-theme-font: minor-latin; mso-hansi-theme-font: minor-latin; mso-bidi-theme-font: minor-latin;\"><strong>L&rsquo;A.D.P.C. 38 est n\u00e9e le 21 f\u00e9vrier 1964 (il y a 56 ans !).\u00a0<\/strong> <\/span><span style=\"font-size: 11.0pt; mso-bidi-font-size: 10.0pt; font-family: 'Calibri',sans-serif; mso-ascii-theme-font: minor-latin; mso-hansi-theme-font: minor-latin; mso-bidi-theme-font: minor-latin;\">A l&rsquo;\u00e9poque, elle s&rsquo;appelait Association Dauphinoise de Pr\u00e9vention et de Secourisme (A.D.P.S.). Elle est, d\u00e9s sa cr\u00e9ation, affili\u00e9e \u00e0 la F\u00e9d\u00e9ration des Associations D\u00e9partementales de Protection Civile (F.A.D.P.C.)<\/span><\/p><p class=\"MsoNoSpacing\" style=\"text-align: justify;\"><span style=\"font-size: 11.0pt; mso-bidi-font-size: 10.0pt; font-family: 'Calibri',sans-serif; mso-ascii-theme-font: minor-latin; mso-hansi-theme-font: minor-latin; mso-bidi-theme-font: minor-latin;\">Les pansements utilis\u00e9s pour les premiers postes de secours ont \u00e9t\u00e9 achet\u00e9s avec les cotisations des secouristes\u00a0; les pompiers et les C.R.S. ont pr\u00eat\u00e9 les brancards et les secouristes apport\u00e9 leur d\u00e9vouement.<\/span><\/p><p class=\"MsoNoSpacing\" style=\"text-align: justify;\"><span style=\"font-size: 11.0pt; mso-bidi-font-size: 10.0pt; font-family: 'Calibri',sans-serif; mso-ascii-theme-font: minor-latin; mso-hansi-theme-font: minor-latin; mso-bidi-theme-font: minor-latin;\">En 1966 la F.A.D.P.C. se transforme en F\u00e9d\u00e9ration Nationale de Protection Civile (F.N.P.C.), telle que nous la connaissons actuellement. L&rsquo;A.D.P.S. d\u00e9cide \u00e0 l&rsquo;\u00e9poque de garder son nom, car elle vient juste de cr\u00e9er son papier administratif, ses brassards et ses dipl\u00f4mes au sigle de l&rsquo;A.D.P.S..<\/span><\/p><p class=\"MsoNoSpacing\" style=\"text-align: justify;\"><span style=\"font-size: 11.0pt; mso-bidi-font-size: 10.0pt; font-family: 'Calibri',sans-serif; mso-ascii-theme-font: minor-latin; mso-hansi-theme-font: minor-latin; mso-bidi-theme-font: minor-latin;\">L&rsquo;A.D.P.S. adopte l&rsquo;insigne de la f\u00e9d\u00e9ration : croix blanche sur triangle jaune, entour\u00e9 d&rsquo;un cercle noir.<\/span><\/p><p class=\"MsoNoSpacing\" style=\"text-align: justify;\"><span style=\"font-size: 11.0pt; mso-bidi-font-size: 10.0pt; font-family: 'Calibri',sans-serif; mso-ascii-theme-font: minor-latin; mso-hansi-theme-font: minor-latin; mso-bidi-theme-font: minor-latin;\">L&rsquo;histoire de notre association continue avec une importante participation des secouristes lors des jeux olympiques de 1968. Puis on arrive en 1974, L&rsquo;A.D.P.S. change de nom et devient apr\u00e8s parution au journal officiel : L&rsquo;A.D.P.C. 38. A l&rsquo;\u00e9poque les secouristes, non seulement portaient secours lors de manifestations sportives, mais ils r\u00e9paraient aussi les v\u00e9los des cyclistes : il fallait savoir tout faire. Les pancartes indiquaient : Poste de secours, soins, d\u00e9pannage. <\/span><\/p><p class=\"MsoNoSpacing\" style=\"text-align: justify;\"><span style=\"font-size: 11.0pt; mso-bidi-font-size: 10.0pt; font-family: 'Calibri',sans-serif; mso-ascii-theme-font: minor-latin; mso-hansi-theme-font: minor-latin; mso-bidi-theme-font: minor-latin;\">Dans les ann\u00e9es 1980, l&rsquo;A.D.P.C perd deux de ses piliers : son secr\u00e9taire g\u00e9n\u00e9ral, Roger COL d\u00e9c\u00e9d\u00e9 en 1983, apr\u00e8s 35 ans de b\u00e9n\u00e9volat et de nombreuses distinctions. En 1985, le docteur MAITREROBERT, pr\u00e9sident et \u00e9galement fondateur de l&rsquo;A.D.P.C.38 nous quittait.<\/span><\/p><p class=\"MsoNoSpacing\" style=\"text-align: justify;\"><span style=\"font-size: 11.0pt; mso-bidi-font-size: 10.0pt; font-family: 'Calibri',sans-serif; mso-ascii-theme-font: minor-latin; mso-hansi-theme-font: minor-latin; mso-bidi-theme-font: minor-latin;\">En 1989, l&rsquo;A.D.P.C 38 a f\u00eat\u00e9 ses 25 bougies. Lors de la r\u00e9ception \u00e0 la pr\u00e9fecture, le pr\u00e9fet a \u00e9voqu\u00e9 la r\u00e9cente convention qui pr\u00e9cise notre r\u00f4le au sein de la f\u00e9d\u00e9ration nationale de protection civile en cas de plan ORSEC ou autre. Et depuis ce sont des centaines de secouristes qui ont \u00e9t\u00e9 form\u00e9s, plus de deux mille ont \u00e9t\u00e9 membres actifs de notre association. Sans parler des heures de permanences, gardes et postes de secours.<\/span><\/p><p class=\"MsoNoSpacing\" style=\"text-align: justify;\"><span style=\"font-size: 11.0pt; mso-bidi-font-size: 10.0pt; font-family: 'Calibri',sans-serif; mso-ascii-theme-font: minor-latin; mso-hansi-theme-font: minor-latin; mso-bidi-theme-font: minor-latin;\">Notre A.D.P.C. 38 a \u00e9t\u00e9 pr\u00e9sente sur tous les fronts\u00a0: \u00e0 la cr\u00e9ation du Groupe Mobile d\u2019Urgence et de R\u00e9animation en 1970 (anc\u00eatre du SAMU), lors de toutes les grandes manifestations (J.O. de 1968, Tour de France \u2026) ou les catastrophes (Incendie du 5\/7, St Geoire en Valdaine, AZF, Car de Laffrey \u2026), ou encore l\u2019accueil des migrants et tout r\u00e9cemment face \u00e0 la CoViD-19.<\/span><\/p><p class=\"MsoNoSpacing\" style=\"text-align: justify;\"><span style=\"font-size: 11.0pt; mso-bidi-font-size: 10.0pt; font-family: 'Calibri',sans-serif; mso-ascii-theme-font: minor-latin; mso-hansi-theme-font: minor-latin; mso-bidi-theme-font: minor-latin;\">Aucune de ces actions n\u2019aurait \u00e9t\u00e9 possible sans l\u2019engagement et le d\u00e9vouement sans faille des secouristes.<\/span><\/p><p class=\"MsoNoSpacing\" style=\"text-align: justify;\"><span style=\"font-size: 11.0pt; mso-bidi-font-size: 10.0pt; font-family: 'Calibri',sans-serif; mso-ascii-theme-font: minor-latin; mso-hansi-theme-font: minor-latin; mso-bidi-theme-font: minor-latin;\">Gr\u00e2ce \u00e0 chacun et avec tous, notre association s\u2019est dot\u00e9e de moyens automobiles et mat\u00e9riels cons\u00e9quents. Par notre s\u00e9rieux et notre comp\u00e9tence, nous avons acquis la confiance des pouvoirs publics et de nombreuses entreprises. <\/span><\/p><p class=\"MsoNoSpacing\" style=\"text-align: justify;\"><span style=\"font-size: 11.0pt; mso-bidi-font-size: 10.0pt; font-family: 'Calibri',sans-serif; mso-ascii-theme-font: minor-latin; mso-hansi-theme-font: minor-latin; mso-bidi-theme-font: minor-latin;\">Mais l&rsquo;histoire de demain, c&rsquo;est nous qui la faisons aujourd\u2019hui, ensemble.<\/span><\/p><\/div>\n\t\t\t\t<\/div>\n\t\t\t\t<\/div>\n\t\t\t\t\t\t<\/div>\n\t\t\t\t\t<\/div>\n\t\t<\/div>\n\t\t\t\t\t\t\t\t<\/div>\n\t\t\t\t\t<\/div>\n\t\t<\/section>\n\t\t\t\t\t\t<\/div>\n\t\t\t\t\t<\/div>\n\t\t<\/div>\n\t\t\t\t\t\t\t\t<\/div>\n\t\t\t\t\t<\/div>\n\t\t<\/section>\n\t\t\t\t\t\t<\/div>\n\t\t\t\t\t\t<\/div>\n\t\t\t\t\t<\/div>\n\t\t","protected":false},"excerpt":{"rendered":"<p>Vous ne le savez peut-\u00eatre pas mais notre association, est d\u00e9j\u00e0 ancienne. L&rsquo;A.D.P.C. 38 est n\u00e9e le 21 f\u00e9vrier 1964 (il y a 56 ans !).&nbsp; A l&rsquo;\u00e9poque, elle s&rsquo;appelait Association Dauphinoise de Pr\u00e9vention et de Secourisme (A.D.P.S.). Elle est, d\u00e9s sa cr\u00e9ation, affili\u00e9e \u00e0 la F\u00e9d\u00e9ration des Associations D\u00e9partementales de Protection Civile (F.A.D.P.C.) Les &#8230; <a title=\"Protection Civile de l&rsquo;Is\u00e8re &#8211; historique\" class=\"read-more\" href=\"https:\/\/protec.anhydride-acide.fr\/?page_id=171\" aria-label=\"More on Protection Civile de l&rsquo;Is\u00e8re &#8211; historique\">Lire plus<\/a><\/p>\n","protected":false},"author":9,"featured_media":0,"parent":0,"menu_order":0,"comment_status":"closed","ping_status":"closed","template":"","meta":[],"_links":{"self":[{"href":"https:\/\/protec.anhydride-acide.fr\/index.php?rest_route=\/wp\/v2\/pages\/171"}],"collection":[{"href":"https:\/\/protec.anhydride-acide.fr\/index.php?rest_route=\/wp\/v2\/pages"}],"about":[{"href":"https:\/\/protec.anhydride-acide.fr\/index.php?rest_route=\/wp\/v2\/types\/page"}],"author":[{"embeddable":true,"href":"https:\/\/protec.anhydride-acide.fr\/index.php?rest_route=\/wp\/v2\/users\/9"}],"replies":[{"embeddable":true,"href":"https:\/\/protec.anhydride-acide.fr\/index.php?rest_route=%2Fwp%2Fv2%2Fcomments&post=171"}],"version-history":[{"count":4,"href":"https:\/\/protec.anhydride-acide.fr\/index.php?rest_route=\/wp\/v2\/pages\/171\/revisions"}],"predecessor-version":[{"id":279,"href":"https:\/\/protec.anhydride-acide.fr\/index.php?rest_route=\/wp\/v2\/pages\/171\/revisions\/279"}],"wp:attachment":[{"href":"https:\/\/protec.anhydride-acide.fr\/index.php?rest_route=%2Fwp%2Fv2%2Fmedia&parent=171"}],"curies":[{"name":"wp","href":"https:\/\/api.w.org\/{rel}","templated":true}]}}

Protection Civile de l&rsquo;Isère &#8211; historique

<div data-elementor-type="wp-page" data-elementor-id="171" class="elementor elementor-171" data-elementor-settings="[]">
						<div class="elementor-inner">
							<div class="elementor-section-wrap">
							<section class="elementor-section elementor-top-section elementor-element elementor-element-b7359c1 elementor-section-boxed elementor-section-height-default elementor-section-height-default" data-id="b7359c1" data-element_type="section">
						<div class="elementor-container elementor-column-gap-default">
							<div class="elementor-row">
					<div class="elementor-column elementor-col-100 elementor-top-column elementor-element elementor-element-c19da8b" data-id="c19da8b" data-element_type="column">
			<div class="elementor-column-wrap elementor-element-populated">
							<div class="elementor-widget-wrap">
						<section class="elementor-section elementor-inner-section elementor-element elementor-element-73bcea0 elementor-section-boxed elementor-section-height-default elementor-section-height-default" data-id="73bcea0" data-element_type="section">
						<div class="elementor-container elementor-column-gap-default">
							<div class="elementor-row">
					<div class="elementor-column elementor-col-100 elementor-inner-column elementor-element elementor-element-f45b4b4" data-id="f45b4b4" data-element_type="column">
			<div class="elementor-column-wrap elementor-element-populated">
							<div class="elementor-widget-wrap">
						<div class="elementor-element elementor-element-11813b8 elementor-widget elementor-widget-text-editor" data-id="11813b8" data-element_type="widget" data-widget_type="text-editor.default">
				<div class="elementor-widget-container">
					<div class="elementor-text-editor elementor-clearfix"><p><span style="font-size: 11.0pt; mso-bidi-font-size: 10.0pt; font-family: 'Calibri',sans-serif; mso-ascii-theme-font: minor-latin; mso-hansi-theme-font: minor-latin; mso-bidi-theme-font: minor-latin;">Vous ne le savez peut-être pas mais notre association, est déjà ancienne.</span></p><p class="MsoNoSpacing" style="text-align: justify;"><span style="font-size: 11.0pt; mso-bidi-font-size: 10.0pt; font-family: 'Calibri',sans-serif; mso-ascii-theme-font: minor-latin; mso-hansi-theme-font: minor-latin; mso-bidi-theme-font: minor-latin;"><strong>L&rsquo;A.D.P.C. 38 est née le 21 février 1964 (il y a 56 ans !). </strong> </span><span style="font-size: 11.0pt; mso-bidi-font-size: 10.0pt; font-family: 'Calibri',sans-serif; mso-ascii-theme-font: minor-latin; mso-hansi-theme-font: minor-latin; mso-bidi-theme-font: minor-latin;">A l&rsquo;époque, elle s&rsquo;appelait Association Dauphinoise de Prévention et de Secourisme (A.D.P.S.). Elle est, dés sa création, affiliée à la Fédération des Associations Départementales de Protection Civile (F.A.D.P.C.)</span></p><p class="MsoNoSpacing" style="text-align: justify;"><span style="font-size: 11.0pt; mso-bidi-font-size: 10.0pt; font-family: 'Calibri',sans-serif; mso-ascii-theme-font: minor-latin; mso-hansi-theme-font: minor-latin; mso-bidi-theme-font: minor-latin;">Les pansements utilisés pour les premiers postes de secours ont été achetés avec les cotisations des secouristes ; les pompiers et les C.R.S. ont prêté les brancards et les secouristes apporté leur dévouement.</span></p><p class="MsoNoSpacing" style="text-align: justify;"><span style="font-size: 11.0pt; mso-bidi-font-size: 10.0pt; font-family: 'Calibri',sans-serif; mso-ascii-theme-font: minor-latin; mso-hansi-theme-font: minor-latin; mso-bidi-theme-font: minor-latin;">En 1966 la F.A.D.P.C. se transforme en Fédération Nationale de Protection Civile (F.N.P.C.), telle que nous la connaissons actuellement. L&rsquo;A.D.P.S. décide à l&rsquo;époque de garder son nom, car elle vient juste de créer son papier administratif, ses brassards et ses diplômes au sigle de l&rsquo;A.D.P.S..</span></p><p class="MsoNoSpacing" style="text-align: justify;"><span style="font-size: 11.0pt; mso-bidi-font-size: 10.0pt; font-family: 'Calibri',sans-serif; mso-ascii-theme-font: minor-latin; mso-hansi-theme-font: minor-latin; mso-bidi-theme-font: minor-latin;">L&rsquo;A.D.P.S. adopte l&rsquo;insigne de la fédération : croix blanche sur triangle jaune, entouré d&rsquo;un cercle noir.</span></p><p class="MsoNoSpacing" style="text-align: justify;"><span style="font-size: 11.0pt; mso-bidi-font-size: 10.0pt; font-family: 'Calibri',sans-serif; mso-ascii-theme-font: minor-latin; mso-hansi-theme-font: minor-latin; mso-bidi-theme-font: minor-latin;">L&rsquo;histoire de notre association continue avec une importante participation des secouristes lors des jeux olympiques de 1968. Puis on arrive en 1974, L&rsquo;A.D.P.S. change de nom et devient après parution au journal officiel : L&rsquo;A.D.P.C. 38. A l&rsquo;époque les secouristes, non seulement portaient secours lors de manifestations sportives, mais ils réparaient aussi les vélos des cyclistes : il fallait savoir tout faire. Les pancartes indiquaient : Poste de secours, soins, dépannage. </span></p><p class="MsoNoSpacing" style="text-align: justify;"><span style="font-size: 11.0pt; mso-bidi-font-size: 10.0pt; font-family: 'Calibri',sans-serif; mso-ascii-theme-font: minor-latin; mso-hansi-theme-font: minor-latin; mso-bidi-theme-font: minor-latin;">Dans les années 1980, l&rsquo;A.D.P.C perd deux de ses piliers : son secrétaire général, Roger COL décédé en 1983, après 35 ans de bénévolat et de nombreuses distinctions. En 1985, le docteur MAITREROBERT, président et également fondateur de l&rsquo;A.D.P.C.38 nous quittait.</span></p><p class="MsoNoSpacing" style="text-align: justify;"><span style="font-size: 11.0pt; mso-bidi-font-size: 10.0pt; font-family: 'Calibri',sans-serif; mso-ascii-theme-font: minor-latin; mso-hansi-theme-font: minor-latin; mso-bidi-theme-font: minor-latin;">En 1989, l&rsquo;A.D.P.C 38 a fêté ses 25 bougies. Lors de la réception à la préfecture, le préfet a évoqué la récente convention qui précise notre rôle au sein de la fédération nationale de protection civile en cas de plan ORSEC ou autre. Et depuis ce sont des centaines de secouristes qui ont été formés, plus de deux mille ont été membres actifs de notre association. Sans parler des heures de permanences, gardes et postes de secours.</span></p><p class="MsoNoSpacing" style="text-align: justify;"><span style="font-size: 11.0pt; mso-bidi-font-size: 10.0pt; font-family: 'Calibri',sans-serif; mso-ascii-theme-font: minor-latin; mso-hansi-theme-font: minor-latin; mso-bidi-theme-font: minor-latin;">Notre A.D.P.C. 38 a été présente sur tous les fronts : à la création du Groupe Mobile d’Urgence et de Réanimation en 1970 (ancêtre du SAMU), lors de toutes les grandes manifestations (J.O. de 1968, Tour de France …) ou les catastrophes (Incendie du 5/7, St Geoire en Valdaine, AZF, Car de Laffrey …), ou encore l’accueil des migrants et tout récemment face à la CoViD-19.</span></p><p class="MsoNoSpacing" style="text-align: justify;"><span style="font-size: 11.0pt; mso-bidi-font-size: 10.0pt; font-family: 'Calibri',sans-serif; mso-ascii-theme-font: minor-latin; mso-hansi-theme-font: minor-latin; mso-bidi-theme-font: minor-latin;">Aucune de ces actions n’aurait été possible sans l’engagement et le dévouement sans faille des secouristes.</span></p><p class="MsoNoSpacing" style="text-align: justify;"><span style="font-size: 11.0pt; mso-bidi-font-size: 10.0pt; font-family: 'Calibri',sans-serif; mso-ascii-theme-font: minor-latin; mso-hansi-theme-font: minor-latin; mso-bidi-theme-font: minor-latin;">Grâce à chacun et avec tous, notre association s’est dotée de moyens automobiles et matériels conséquents. Par notre sérieux et notre compétence, nous avons acquis la confiance des pouvoirs publics et de nombreuses entreprises. </span></p><p class="MsoNoSpacing" style="text-align: justify;"><span style="font-size: 11.0pt; mso-bidi-font-size: 10.0pt; font-family: 'Calibri',sans-serif; mso-ascii-theme-font: minor-latin; mso-hansi-theme-font: minor-latin; mso-bidi-theme-font: minor-latin;">Mais l&rsquo;histoire de demain, c&rsquo;est nous qui la faisons aujourd’hui, ensemble.</span></p></div>
				</div>
				</div>
						</div>
					</div>
		</div>
								</div>
					</div>
		</section>
						</div>
					</div>
		</div>
								</div>
					</div>
		</section>
						</div>
						</div>
					</div>

<p>Vous ne le savez peut-être pas mais notre association, est déjà ancienne. L&rsquo;A.D.P.C. 38 est née le 21 février 1964 (il y a 56 ans !).&nbsp; A l&rsquo;époque, elle s&rsquo;appelait Association Dauphinoise de Prévention et de Secourisme (A.D.P.S.). Elle est, dés sa création, affiliée à la Fédération des Associations Départementales de Protection Civile (F.A.D.P.C.) Les &#8230; <a title="Protection Civile de l&rsquo;Isère &#8211; historique" class="read-more" href="https://protec.anhydride-acide.fr/?page_id=171" aria-label="More on Protection Civile de l&rsquo;Isère &#8211; historique">Lire plus</a></p>
